g - s. Calculate the highest common divisor of 130 and g.
26
Suppose 0*o - 6 = o - 2*v, 20 = 5*v. Suppose -12 = -o*t + 2. Let p = 301345 + -301282. What is the greatest common divisor of p and t?
7
Let z be 204/9*(-20)/((-560)/42). Let k(x) = -7*x**3 + 5*x**2 + 4*x - 1. Let v be k(-3). What is the greatest common factor of v and z?
17
Suppose 2*o + 3*k = 1059 - 113, -o - 3*k = -482. What is the highest common divisor of 1508 and o?
116
Let s(k) = k**3 - 5*k**2 + 6*k - 27. Let x be s(5). Let h be x/(-3)*(-7 - 4). Calculate the highest common factor of h and 110.
11
Suppose 11*c - 289 + 58 = 0. Suppose 3*u - 671 = -167. Calculate the highest common factor of u and c.
21
Let o(k) = -k**2 - 90*k + 221. Let d be o(-91). What is the highest common divisor of d and 50?
10
Suppose -4*x + 89 = -143. Let d = 55 - x. Let l be ((-6)/(-7))/d*-77. Calculate the greatest common factor of l and 11.
11
Let g(s) = 6*s**2 + 2*s + 3. Let d be g(-2). Suppose 18*j + 4160 = d*j. What is the greatest common divisor of j and 64?
64
Let f(y) = -225*y - 1. Let w be f(-1). Let i be (-128)/6*1284/(-856). Calculate the highest common divisor of i and w.
32
Let x = -20269 - -36329. Calculate the highest common factor of 10 and x.
10
Let o = 107982 - 60486. Calculate the highest common divisor of 24 and o.
24
Let s = 3015 + -2927. Calculate the highest common factor of 1562 and s.
22
Let z be 0 + (252/35 - 4)*35. Let t(o) = -o**3 + 5*o**2 + 5*o + 6. Let j be t(6). Let r = j - -32. Calculate the greatest common divisor of r and z.
16
Suppose 6*l + 699 = 58*o - 55*o, -703 = -3*o + 4*l. What is the greatest common divisor of 1501 and o?
79
Suppose 5*n = -5*b, -5*b = 4*n - 3 - 2. Suppose -135 = 3*p - z, -2*p = b*z + 109 - 19. Let y = p + 188. What is the greatest common factor of 13 and y?
13
Let w be (-12)/(-3) - (-29 + -111). What is the greatest common factor of w and 128?
16
Let z be (6 - (23 - 9)) + (-1320)/(-3). Calculate the highest common divisor of 96 and z.
48
Let k = 71900 + -40785. Calculate the highest common divisor of k and 245.
245
Let v(s) = 3*s**2 + 14*s - 15. Let p be v(8). Suppose -16*f = p + 111. Let t = 29 + f. What is the highest common factor of 20 and t?
4
Suppose 4*b = -5*h + 4, -4*b - 2*h + 4 = h. Let g be (-30)/(-105) - (2040/(-14) + b). Let k = -325 - -383. What is the greatest common factor of g and k?
29
Suppose 8*f = -6*f + 290 - 38. What is the highest common divisor of 4302 and f?
18
Suppose -8069 = -46*w + 43*w - 4*p, 5*w = -4*p + 13451. Calculate the highest common factor of 9 and w.
9
Suppose 40*u = 38*u. Suppose 2*w = 2*g + w - 244, u = w + 4. Suppose 3*o + 77 = 8*o + p, 9 = o - 3*p. Calculate the highest common factor of o and g.
15
Let f = -141 - -249. Let o(u) = -u**3 + 17*u**2 + 21*u - 8. Let h be o(18). Let p = f - h. Calculate the greatest common divisor of p and 31.
31
Let i = 717 - 696. Suppose -1554 = -c - c. What is the greatest common divisor of i and c?
21
Let s = 1969 - -99. What is the greatest common factor of 24 and s?
4
Suppose -2*y + 4 = 0, -y = -3*w - 6*y + 394. Let g = -84 + w. Let x be (-96)/(-1728) - 142/(-36). What is the highest common factor of x and g?
4
Let w be (-22)/55 + 43/(-5). Let x be w/12 - (-3 - 57/12). Calculate the highest common divisor of x and 14.
7
Let w(k) = -k**2 + 5*k + 14. Let m be w(7). Let d be 75 + m - (-12)/(-4). Calculate the greatest common factor of 180 and d.
36
Suppose 80 = 3*y - 4*r, 4*r + r = -25. Let c(i) = i**3 - 3*i**2 - 47*i + 204. Let b be c(6). Calculate the greatest common divisor of y and b.
10
Let h(m) = m**3 + 10*m**2 - 4*m + 7. Suppose -35 + 10 = 5*g. Let w be h(g). Let z = w - 65. Calculate the highest common factor of 29 and z.
29
Suppose 0 = -68*s + 24240 + 26216. Calculate the greatest common factor of s and 4346.
106
Suppose -131 = -h - 5*l, -2*l + l = h - 115. What is the greatest common factor of 9 and h?
3
Suppose -87 + 35 = -b. Let w = b - 138. Let x = w + 106. Calculate the highest common factor of 20 and x.
20
Let z(t) = t**3 - 8*t**2 - 9*t - 3. Let a be z(9). Let r be 26 - (-5 - a)*-2. What is the greatest common factor of r and 374?
22
Let m(u) = -3*u + 11. Let j = -67 + 39. Let l = j - -28. Let c be m(l). Calculate the highest common factor of 33 and c.
11
Let r = -250 - -282. Suppose -6*g + 395 = -181. Calculate the greatest common factor of g and r.
32
Let v = 15 + -10. Suppose 3*p + 4*h + 2 + 14 = 0, 0 = -3*p + 5*h + 20. Let m be (p - 1/(-3))/(18/108). What is the greatest common divisor of m and v?
1
Suppose -109*b + 586 + 2248 = 0. Calculate the greatest common factor of b and 12948.
26
Let s be (-42589)/(-14) - (-164)/(-2296). What is the highest common factor of s and 36?
18
Let v(l) = -2*l + 41. Let q be v(18). Suppose 5*p - 3 = 22, q*h + 2*p = 290. Let s be 5*((-26)/(-5) + -1). Calculate the greatest common divisor of h and s.
7
Let p = 7224 - 7195. Calculate the highest common factor of 2929 and p.
29
Suppose 3*r = -z - 3*z + 77, -3*z - 5*r = -44. Let d = z + -11. Suppose d*g = 11*g + 160. What is the highest common factor of 20 and g?
20
Suppose -20 = 10*v - 15*v. Suppose 472 = -v*q + 7*q + 2*n, 0 = -3*q + 5*n + 500. Calculate the highest common divisor of 32 and q.
32
Let y(g) = 2*g**3 - 44*g**2 + 41*g + 97. Let n be y(21). Calculate the highest common factor of n and 22876.
76
Let k(f) = -f**2 + 18*f - 113. Let a be k(7). Let z be (-9)/2*112/a. Let y be 3*(-14)/(-5)*5. Calculate the greatest common divisor of y and z.
14
Let r(a) = -a**3 + a**2 + 50. Let g be r(0). Suppose -11*p - 1614 + 1680 = 0. What is the highest common factor of p and g?
2
Suppose -5*d = 2*s - 414 + 245, -4*d - 4 = 0. What is the highest common factor of s and 145?
29
Let h = 25 - 19. Let n(f) = 2*f**2 + 5*f - 27. Let i be n(h). Suppose -5*l = 3*x - 155, -2*l + 5 = 3. Calculate the highest common factor of x and i.
25
Suppose 16 = 4*b - 14*t + 16*t, 4*b = 3*t + 6. Suppose b*v + 112 = 11*v. What is the highest common divisor of v and 56?
14
Suppose -915*x = -931*x + 8064. What is the greatest common divisor of x and 54?
18
Let p(l) = -l**3 - 5*l**2 + 5*l + 1. Let w be p(-6). Suppose -4*s - 6 = -w*s. Suppose s*r + 6*r = 192. What is the highest common divisor of 12 and r?
12
Suppose -4*l + 40 = -8*l. Let s = l + 40. Suppose -22 = -4*v + s. What is the greatest common factor of 117 and v?
13
Let n be (-3 + 3 - 1) + (32 - 30) - -133. What is the highest common factor of n and 7906?
134
Let k be (0 + -1 - 2) + -18 + 172. What is the highest common divisor of 1 and k?
1
Suppose 9*x - 30 = 10*x - 4*t, -5*t - 36 = 4*x. Let r(n) = -11*n - 4. Let g be r(x). Calculate the highest common divisor of 45 and g.
15
Suppose 5*n + 219 = a, 4*a + 139*n - 901 = 134*n. Calculate the greatest common factor of 602 and a.
14
Let r = 6428 + -6000. Calculate the greatest common divisor of 20758 and r.
214
Let j be (0 - (-35 + 7 + -2))*69. Suppose 0 = -45*u + 51*u - j. What is the greatest common divisor of 30 and u?
15
Suppose -2*h - 3*f = -78187, -75339 - 120131 = -5*h - 5*f. What is the greatest common divisor of 35 and h?
35
Suppose 337*m - 254709 = 173618. What is the highest common divisor of 41 and m?
41
Let k be (-46)/(-460) + 558/20. Suppose 2*f - 18 = -2*j + 3*f, -30 = -3*j + 3*f. Calculate the greatest common factor of k and j.
4
Let u = 3187 - 2623. What is the greatest common factor of u and 9?
3
Let l = -965 + 977. Let j be 20/(-8)*l/10 - -20. Calculate the greatest common factor of 901 and j.
17
Let r = 450 - -13. Let d = r - 259. Calculate the highest common factor of d and 34.
34
Suppose -118*y + 14*y - 2*y + 177974 = 0. What is the greatest common factor of 529 and y?
23
Suppose 3*j + 94608 = 28*j + 23*j. Calculate the highest common divisor of j and 162.
27
Suppose 5*t + 0 = -l + 8, 5*l - 16 = -t. Let y = l - -246. Let n be (-2)/13 + y/13. Calculate the highest common divisor of n and 57.
19
Let z be (-2*15 + ((-36)/12)/(-9))*-387. Calculate the highest common divisor of z and 43.
43
Suppose -4*t - 4*y + 10096 = 0, -t + y + 673 = -1843. Calculate the greatest common divisor of 24 and t.
24
Suppose -503 - 542 = -11*q. Suppose -5*h - 15 = y, -3*y + 3*h + 2 + 25 = 0. What is the highest common factor of y and q?
5
Suppose 24440 + 16014 = 19*f - 13696. What is the highest common facto